 by 6?
3
Calculate the remainder when 1112 is divided by 164.
128
What is the remainder when 598 is divided by 86?
82
Calculate the remainder when 1233 is divided by 25.
8
Calculate the remainder when 739 is divided by 7.
4
Calculate the remainder when 392 is divided by 33.
29
Calculate the remainder when 46 is divided by 36.
10
What is the remainder when 162 is divided by 25?
12
What is the remainder when 271 is divided by 56?
47
What is the remainder when 23 is divided by 7?
2
Calculate the remainder when 97 is divided by 85.
12
What is the remainder when 110 is divided by 57?
53
What is the remainder when 433 is divided by 404?
29
What is the remainder when 253 is divided by 123?
7
What is the remainder when 489 is divided by 135?
84
What is the remainder when 488 is divided by 7?
5
Calculate the remainder when 157 is divided by 8.
5
What is the remainder when 309 is divided by 35?
29
What is the remainder when 470 is divided by 25?
20
What is the remainder when 269 is divided by 15?
14
Calculate the remainder when 2008 is divided by 87.
7
Calculate the remainder when 1152 is divided by 190.
12
What is the remainder when 122 is divided by 33?
23
What is the remainder when 2483 is divided by 58?
47
What is the remainder when 472 is divided by 192?
88
Calculate the remainder when 150 is divided by 51.
48
What is the remainder when 781 is divided by 198?
187
Calculate the remainder when 132 is divided by 24.
12
What is the remainder when 240 is divided by 7?
2
What is the remainder when 188 is divided by 21?
20
Calculate the remainder when 6444 is divided by 26.
22
What is the remainder when 982 is divided by 76?
70
What is the remainder when 2000 is divided by 18?
2
Calculate the remainder when 721 is divided by 170.
41
Calculate the remainder when 72 is divided by 13.
7
What is the remainder when 73 is divided by 25?
23
What is the remainder when 4977 is divided by 495?
27
Calculate the remainder when 140 is divided by 42.
14
Calculate the remainder when 156 is divided by 83.
73
What is the remainder when 7656 is divided by 69?
66
What is the remainder when 135 is divided by 28?
23
Calculate the remainder when 3927 is divided by 15.
12
Calculate the remainder when 1062 is divided by 150.
12
Calculate the remainder when 68 is divided by 25.
18
What is the remainder when 3005 is divided by 32?
29
What is the remainder when 4989 is divided by 31?
29
What is the remainder when 819 is divided by 6?
3
What is the remainder when 82 is divided by 24?
10
Calculate the remainder when 93 is divided by 24.
21
What is the remainder when 66 is divided by 15?
6
Calculate the remainder when 928 is divided by 64.
32
Calculate the remainder when 146 is divided by 137.
9
What is the remainder when 389 is divided by 78?
77
Calculate the remainder when 480 is divided by 6.
0
What is the remainder when 48 is divided by 19?
10
Calculate the remainder when 137 is divided by 55.
27
What is the remainder when 247 is divided by 8?
7
What is the remainder when 80 is divided by 15?
5
What is the remainder when 1034 is divided by 37?
35
What is the remainder when 1588 is divided by 199?
195
Calculate the remainder when 93 is divided by 21.
9
Calculate the remainder when 1036 is divided by 43.
4
What is the remainder when 232 is divided by 79?
74
What is the remainder when 66 is divided by 17?
15
What is the remainder when 17224 is divided by 99?
97
Calculate the remainder when 481 is divided by 52.
13
What is the remainder when 80 is divided by 54?
26
Calculate the remainder when 693 is divided by 58.
55
Calculate the remainder when 210 is divided by 58.
36
What is the remainder when 123 is divided by 62?
61
Calculate the remainder when 140 is divided by 22.
8
What is the remainder when 32 is divided by 9?
5
What is the remainder when 116 is divided by 10?
6
Calculate the remainder when 1344 is divided by 1330.
14
What is the remainder when 173 is divided by 88?
85
Calculate the remainder when 227 is divided by 125.
102
What is the remainder when 89 is divided by 9?
8
Calculate the remainder when 60 is divided by 18.
6
Calculate the remainder when 85 is divided by 37.
11
Calculate the remainder when 42 is divided by 15.
12
What is the remainder when 232 is divided by 61?
49
What is the remainder when 1226 is divided by 349?
179
What is the remainder when 1465 is divided by 69?
16
Calculate the remainder when 211 is divided by 93.
25
Calculate the remainder when 4740 is divided by 51.
48
What is the remainder when 449 is divided by 25?
24
Calculate the remainder when 180 is divided by 13.
11
What is the remainder when 1365 is divided by 36?
33
Calculate the remainder when 2865 is divided by 259.
16
Calculate the remainder when 144 is divided by 22.
12
What is the remainder when 100 is divided by 26?
22
What is the remainder when 1041 is divided by 342?
15
Calculate the remainder when 852 is divided by 58.
40
What is the remainder when 1032 is divided by 148?
144
What is the remainder when 58 is divided by 17?
7
Calculate the remainder when 629 is divided by 396.
233
What is the remainder when 44 is divided by 31?
13
Calculate the remainder when 4961 is divided by 25.
11
What is the remainder when 455 is divided by 20?
15
What is the remainder when 1428 is divided by 27?
24
What is the remainder when 296 is divided by 11?
10
Calculate the remainder when 867 is divided by 52.
35
Calculate the remainder when 159 is divided by 87.
72
Calculate the remainder when 121 is divided by 41.
39
What is the remainder when 111 is divided by 56?
55
What is the remainder when 28 is divided by 21?
7
What is the remainder when 419 is divided by 47?
43
Calculate the remainder when 56 is divided by 33.
23
Calculate the remainder when 146 is divided by 78.
68
Calculate the remainder when 473 is divided by 70.
53
Calculate the remainder when 266 is divided by 44.
2
What is the remainder when 1553 is divided by 56?
41
Calculate the remainder when 340 is divided by 140.
60
Calculate the remainder when 364 is divided by 53.
46
What is the remainder when 293 is divided by 60?
53
What is the remainder when 81 is divided by 35?
11
What is the remainder when 110 is divided by 25?
10
What is the remainder when 284 is divided by 57?
56
What is the remainder when 74 is divided by 12?
2
Calculate the remainder when 944 is divided by 35.
34
Calculate the remainder when 179 is divided by 31.
24
Calculate the remainder when 797 is divided by 20.
17
Calculate the remainder when 791 is divided by 236.
83
Calculate the remainder when 251 is divided by 42.
41
What is the remainder when 747 is divided by 25?
22
What is the remainder when 1423 is divided by 181?
156
Calculate the remainder when 424 is divided by 63.
46
What is the remainder when 758 is divided by 70?
58
Calculate the remainder when 462 is divided by 31.
28
What is the remainder when 717 is divided by 36?
33
Calculate the remainder when 685 is divided by 46.
41
Calculate the remainder when 99 is divided by 26.
21
What is the remainder when 42 is divided by 27?
15
Calculate the remainder when 3266 is divided by 76.
74
Calculate the remainder when 208 is divided by 18.
10
Calculate the remainder when 297 is divided by 115.
67
Calculate the remainder when 261 is divided by 30.
21
What is the remainder when 8184 is divided by 89?
85
Calculate the remainder when 785 is divided by 129.
11
Calculate the remainder when 243 is divided by 18.
9
What is the remainder when 86 is divided by 5?
1
What is the remainder when 3515 is divided by 55?
50
Calculate the remainder when 79 is divided by 55.
24
Calculate the remainder when 274 is divided by 12.
10
What is the remainder when 92 is divided by 11?
4
What is the remainder when 967 is divided by 22?
21
Calculate the remainder when 212 is divided by 112.
100
Calculate the remainder when 150 is divided by 26.
20
What is the remainder when 227 is divided by 12?
11
Calculate the remainder when 497 is divided by 97.
12
What is the remainder when 11158 is divided by 60?
58
Calculate the remainder when 258 is divided by 41.
12
What is the remainder when 139 is divided by 46?
1
Calculate the remainder when 733 is divided by 152.
125
What is the remainder when 51 is divided by 39?
12
Calculate the remainder when 1